{"id":4145,"date":"2022-03-01T09:23:48","date_gmt":"2022-03-01T08:23:48","guid":{"rendered":"https:\/\/www.nano4people.cz\/shop\/?post_type=product&#038;p=4145"},"modified":"2022-12-08T09:56:08","modified_gmt":"2022-12-08T08:56:08","slug":"aplikacni-valecek-fn-nano","status":"publish","type":"product","link":"https:\/\/www.nano4people.cz\/shop\/produkt\/aplikacni-valecek-fn-nano\/","title":{"rendered":"Aplika\u010dn\u00ed v\u00e1le\u010dek FN NANO"},"content":{"rendered":"<p><span style=\"color: #000000;\">Doporu\u010den\u00fd v\u00e1le\u010dek speci\u00e1ln\u011b vyvinut\u00fd pro aplikaci nanon\u00e1t\u011bru FN NANO. V\u00fdrazn\u011b usnad\u0148uje a zjednodu\u0161uje aplikaci. N\u00e1t\u011br z v\u00e1le\u010dku nekape a v\u00e1le\u010dek tvo\u0159\u00ed rovnom\u011brnou a homogenn\u00ed vrstvu.<\/span><\/p>\n<p><span style=\"color: #000000;\">HLAVN\u00cd V\u00ddHODY:<\/span><br \/>\n<span style=\"color: #000000;\">\u2022 snadn\u00e1 a rychl\u00e1 aplikace<\/span><br \/>\n<span style=\"color: #000000;\">\u2022 nekape a nete\u010de<\/span><br \/>\n<span style=\"color: #000000;\">\u2022 vytv\u00e1\u0159\u00ed rovnom\u011brnou a homogenn\u00ed vrstvu<\/span><br \/>\n<span style=\"color: #000000;\">\u2022 zaji\u0161\u0165uje ide\u00e1ln\u00ed distribuci nanomateri\u00e1lu na st\u011bn\u00e1ch a stropech<\/span><\/p>\n","protected":false},"excerpt":{"rendered":"<p><span style=\"color: #000000;\">Doporu\u010den\u00fd v\u00e1le\u010dek speci\u00e1ln\u011b vyvinut\u00fd pro aplikaci nanon\u00e1t\u011bru FN NANO. V\u00fdrazn\u011b usnad\u0148uje a zjednodu\u0161uje aplikaci. N\u00e1t\u011br z v\u00e1le\u010dku nekape a v\u00e1le\u010dek tvo\u0159\u00ed rovnom\u011brnou a homogenn\u00ed vrstvu.<\/span><\/p>\n","protected":false},"featured_media":4149,"comment_status":"open","ping_status":"closed","template":"","meta":{"_monsterinsights_skip_tracking":false,"_monsterinsights_sitenote_active":false,"_monsterinsights_sitenote_note":"","_monsterinsights_sitenote_category":0},"class_list":["post-4145","product","type-product","status-publish","has-post-thumbnail","hentry","product_cat-aplikacni-valecek"],"aioseo_notices":[],"_links":{"self":[{"href":"https:\/\/www.nano4people.cz\/shop\/wp-json\/wp\/v2\/product\/4145","targetHints":{"allow":["GET"]}}],"collection":[{"href":"https:\/\/www.nano4people.cz\/shop\/wp-json\/wp\/v2\/product"}],"about":[{"href":"https:\/\/www.nano4people.cz\/shop\/wp-json\/wp\/v2\/types\/product"}],"replies":[{"embeddable":true,"href":"https:\/\/www.nano4people.cz\/shop\/wp-json\/wp\/v2\/comments?post=4145"}],"wp:featuredmedia":[{"embeddable":true,"href":"https:\/\/www.nano4people.cz\/shop\/wp-json\/wp\/v2\/media\/4149"}],"wp:attachment":[{"href":"https:\/\/www.nano4people.cz\/shop\/wp-json\/wp\/v2\/media?parent=4145"}],"curies":[{"name":"wp","href":"https:\/\/api.w.org\/{rel}","templated":true}]}}