{"id":3815,"date":"2021-03-10T10:54:53","date_gmt":"2021-03-10T09:54:53","guid":{"rendered":"https:\/\/nano4people.dev.wd7.cz\/?post_type=product&#038;p=3815"},"modified":"2025-01-22T14:20:34","modified_gmt":"2025-01-22T13:20:34","slug":"fn-paint-acrylic-5-kg","status":"publish","type":"product","link":"https:\/\/www.nano4people.cz\/shop\/produkt\/fn-paint-acrylic-5-kg\/","title":{"rendered":"FN\u00ae PAINT ACRYLIC, 5 kg"},"content":{"rendered":"<p style=\"text-align: justify;\"><strong>FN<sup>\u00ae<\/sup> PAINT ACRYLIC<\/strong><\/p>\n<p style=\"text-align: justify;\"><strong>Fas\u00e1dn\u00ed akryl\u00e1tov\u00e1 jemn\u00e1 barva<\/strong><\/p>\n<ul style=\"text-align: justify;\">\n<li><strong>sou\u010d\u00e1st funk\u010dn\u00edho fotokatalytick\u00e9ho n\u00e1t\u011brov\u00e9ho syst\u00e9mu zaji\u0161\u0165uj\u00edc\u00edho aktivn\u00ed samo\u010di\u0161t\u011bn\u00ed povrchu, odolnost v\u016f\u010di mikroorganism\u016fm, dokonalou ochranu podkladu proti UV z\u00e1\u0159en\u00ed a \u00fa\u010dinn\u00e9 \u010di\u0161t\u011bn\u00ed vzduchu<\/strong><\/li>\n<li><strong>snadn\u00e1 aplikace<\/strong><\/li>\n<li><strong>vysok\u00e1 kryc\u00ed schopnost a rozt\u00edratelnost<\/strong><\/li>\n<li><strong>jemn\u00e1 struktura, matn\u00fd vzhled<\/strong><\/li>\n<\/ul>\n<p style=\"text-align: justify;\"><strong>vydatnost: cca 7 m<sup>2<\/sup> z 1 kg barvy v jedn\u00e9 vrstv\u011b<\/strong><\/p>\n<p style=\"text-align: justify;\"><strong>Pou\u017eit\u00ed:<\/strong> n\u00e1t\u011brov\u00fd syst\u00e9m tvo\u0159\u00ed z\u00e1kladn\u00ed n\u00e1t\u011br FN<sup>\u00ae<\/sup> PRIMER ACRYLIC, n\u00e1t\u011brov\u00e1 hmota FN<sup>\u00ae<\/sup> PAINT ACRYLIC a n\u00e1sledn\u00e9 funk\u010dn\u00ed n\u00e1t\u011bry FN<sup>\u00ae <\/sup>s fotokatalytick\u00fdm efektem. Pou\u017e\u00edv\u00e1 se k venkovn\u00edm n\u00e1t\u011br\u016fm v\u00e1penn\u00fdch, v\u00e1penocementov\u00fdch a b\u0159\u00edzolitov\u00fdch om\u00edtek, om\u00edtek s akryl\u00e1tov\u00fdm poji\u00advem, zdiva, k dekora\u010dn\u00edm n\u00e1t\u011br\u016fm svisl\u00fdch betonov\u00fdch konstrukc\u00ed apod. Barva je vhodn\u00e1 pro n\u00e1t\u011bry miner\u00e1ln\u00edch om\u00edtek, pro obnovovac\u00ed n\u00e1t\u011bry akryl\u00e1tov\u00fdch fas\u00e1dn\u00edch barev, pro sjednocuj\u00edc\u00ed nebo obnovovac\u00ed n\u00e1t\u011bry kontaktn\u00edch zateplovac\u00edch syst\u00e9m\u016f s povrchovou \u00fapravou z akryl\u00e1tov\u00e9 tenkovrstv\u00e9 om\u00edtky atd. <strong>Odst\u00edn:<\/strong> b\u00edl\u00fd a odst\u00edny dle aktu\u00e1ln\u00ed nab\u00eddky. <strong>Podklad:<\/strong> vyzr\u00e1l\u00fd, chemicky neutr\u00e1ln\u00ed, soudr\u017en\u00fd, such\u00fd, nemastn\u00fd, zbaven\u00fd bedn\u00edc\u00edch olej\u016f, nezasolen\u00fd, bez ne\u010distot a biologick\u00e9ho napaden\u00ed (pl\u00edsn\u011b, \u0159asy). <strong>Aplika\u010dn\u00ed teplota (barvy, prost\u0159ed\u00ed a podkladu): <\/strong>p\u0159i aplikaci a do 24 hodin po aplikaci se mus\u00ed pohybovat v rozmez\u00ed +5 a\u017e +30 \u00b0C. <strong>Nan\u00e1\u0161en\u00ed:<\/strong>v\u00e1le\u010dkem, \u0161t\u011btkou, \u0161t\u011btcem, st\u0159\u00edk\u00e1n\u00edm Airless. <strong>Vydatnost:<\/strong> cca 7 m<sup>2<\/sup> z 1 kg barvy v jedn\u00e9 vrstv\u011b podle savosti a struktury podkladu a tlou\u0161\u0165ky vrstvy. <strong>P\u0159\u00edklad aplika\u010dn\u00edho postupu: 1)<\/strong> nejprve se provede napou\u0161t\u011bc\u00ed n\u00e1t\u011br penetra\u010dn\u00edm p\u0159\u00edpravkem FN<sup>\u00ae<\/sup> PRIMER ACRYLIC. Napou\u0161t\u011bc\u00ed n\u00e1t\u011br se po\u00adnech\u00e1 nejm\u00e9n\u011b 12 \u2013 24 hodin dokonale zaschnout. <strong>2)<\/strong> po zaschnut\u00ed napou\u0161t\u011bc\u00edho n\u00e1t\u011bru se nanesou 2, u nov\u00fdch \u010di odst\u00ednov\u011b v\u00fdrazn\u011b odli\u0161n\u00fdch podklad\u016f pod\u00adle pot\u0159eby i v\u00edce, kryc\u00ed n\u00e1t\u011bry barvou z\u0159ed\u011bnou max. 0,05 litru vody na 1 kg barvy. P\u0159ed aplikac\u00ed je pot\u0159eba barvu \u0159\u00e1dn\u011b prom\u00edchat. <strong>3)<\/strong> v\u0161echny pom\u016fcky p\u0159i pracovn\u00edch p\u0159est\u00e1vk\u00e1ch chr\u00e1nit proti zaschnut\u00ed a po pr\u00e1ci om\u00fdt vodou. <strong>4)<\/strong> po dokonal\u00e9m proschnut\u00ed n\u00e1t\u011br\u016f a jejich vyzr\u00e1n\u00ed (min. 24 hodin, l\u00e9pe 48 hodin) lze dle n\u00e1vodu aplikovat funk\u010dn\u00ed n\u00e1t\u011br FN<sup>\u00ae<\/sup>. P\u0159ed aplikac\u00ed se doporu\u010duje p\u0159e\u010dten\u00ed podrobn\u011bj\u0161\u00edch informac\u00ed uveden\u00fdch v technick\u00e9m listu v\u00fdrobku. <strong>Bezpe\u010dnost:<\/strong> obsahuje biocidn\u00ed p\u0159\u00edpravky. Obsahuje 1,2-benzoisothiazolin-3-on, 2-oktyltetrahydroisothiazol-3-on a reak\u010dn\u00ed sm\u011bs: 5-chlor-2-methylisothiazol-3(2H)-on a 2-methylisothiazol-3(2H)-on (3:1). M\u016f\u017ee vyvolat alergickou reakci. Uchov\u00e1vejte mimo dosah d\u011bt\u00ed. P\u0159i pou\u017e\u00edv\u00e1n\u00ed tohoto v\u00fdrobku nejezte, nepijte ani neku\u0159te. Pou\u017e\u00edvejte ochrann\u00e9 rukavice\/ochrann\u00fd od\u011bv\/ochrann\u00e9 br\u00fdle. Nevdechujte aerosoly. <strong>Prvn\u00ed pomoc:<\/strong> zasa\u017een\u00e9 o\u010di vypl\u00e1chn\u011bte vodou. P\u0159i po\u017eit\u00ed vypl\u00e1chn\u011bte \u00fasta vodou. Pot\u0159\u00edsn\u011bnou poko\u017eku omyjte vodou a m\u00fddlem. P\u0159i obt\u00ed\u017e\u00edch vyhledejte l\u00e9ka\u0159e. Je-li nutn\u00e1 l\u00e9ka\u0159sk\u00e1 pomoc, m\u011bjte po ruce obal nebo \u0161t\u00edtek v\u00fdrobku. <strong>Likvidace odpad\u016f:<\/strong> Odstra\u0148te obsah\/obal v souladu s m\u00edstn\u00edmi p\u0159edpisy p\u0159ed\u00e1n\u00edm osob\u011b opr\u00e1vn\u011bn\u00e9 k likvidaci odpad\u016f nebo na m\u00edsto ur\u010den\u00e9 obc\u00ed. <strong>VOC:<\/strong> \u22641,6 hm. %. Mezn\u00ed hodnota VOC kat. A (c) V\u0158NH: 40 g\/l. Max. obsah VOC ve v\u00fdrobku ve stavu p\u0159ipraven\u00e9m k pou\u017eit\u00ed: \u226420 g\/l. Hustota: 1,3 \u2013 1,6 g\/cm<sup>3<\/sup>. <strong>Skladov\u00e1n\u00ed:<\/strong> v suchu, p\u0159i +3 a\u017e +30 \u00b0C, nesm\u00ed zmrznout, chr\u00e1nit p\u0159ed p\u0159\u00edm\u00fdm slune\u010dn\u00edm z\u00e1\u0159en\u00edm. <strong>Datum spot\u0159eby:<\/strong> v p\u016fvodn\u00edm neotev\u0159en\u00e9m balen\u00ed do data uveden\u00e9ho na obalu (EXP.).<\/p>\n","protected":false},"excerpt":{"rendered":"<p>Akryl\u00e1tov\u00e1 barva pro fas\u00e1dy (podklad pro aplikaci ochrann\u00e9ho funk\u010dn\u00edho n\u00e1t\u011bru FN NANO<sup>\u00ae<\/sup> ). Ov\u011b\u0159eno a doporu\u010deno jako podklad pro aplikace funk\u010dn\u00edho n\u00e1t\u011bru FN NANO<sup>\u00ae <\/sup><\/p>\n","protected":false},"featured_media":3816,"comment_status":"closed","ping_status":"closed","template":"","meta":{"_monsterinsights_skip_tracking":false,"_monsterinsights_sitenote_active":false,"_monsterinsights_sitenote_note":"","_monsterinsights_sitenote_category":0},"class_list":["post-3815","product","type-product","status-publish","has-post-thumbnail","hentry","product_cat-barvy-a-penetrace-pod-fn-natery"],"aioseo_notices":[],"_links":{"self":[{"href":"https:\/\/www.nano4people.cz\/shop\/wp-json\/wp\/v2\/product\/3815","targetHints":{"allow":["GET"]}}],"collection":[{"href":"https:\/\/www.nano4people.cz\/shop\/wp-json\/wp\/v2\/product"}],"about":[{"href":"https:\/\/www.nano4people.cz\/shop\/wp-json\/wp\/v2\/types\/product"}],"replies":[{"embeddable":true,"href":"https:\/\/www.nano4people.cz\/shop\/wp-json\/wp\/v2\/comments?post=3815"}],"wp:featuredmedia":[{"embeddable":true,"href":"https:\/\/www.nano4people.cz\/shop\/wp-json\/wp\/v2\/media\/3816"}],"wp:attachment":[{"href":"https:\/\/www.nano4people.cz\/shop\/wp-json\/wp\/v2\/media?parent=3815"}],"curies":[{"name":"wp","href":"https:\/\/api.w.org\/{rel}","templated":true}]}}