{"id":4185,"date":"2022-05-11T11:45:00","date_gmt":"2022-05-11T09:45:00","guid":{"rendered":"https:\/\/www.nano4people.cz\/shop\/?post_type=product&#038;p=4185"},"modified":"2025-01-22T14:26:49","modified_gmt":"2025-01-22T13:26:49","slug":"akrylatova-hlazena-tenkovrstva-omitkovina-zrnitost-3mm-25-kg","status":"publish","type":"product","link":"https:\/\/www.nano4people.cz\/shop\/produkt\/akrylatova-hlazena-tenkovrstva-omitkovina-zrnitost-3mm-25-kg\/","title":{"rendered":"Akryl\u00e1tov\u00e1 hlazen\u00e1 tenkovrstv\u00e1 om\u00edtkovina zrnitost 3 mm, 25 kg"},"content":{"rendered":"<p><strong>AKRYL\u00c1TOV\u00c1 HLAZEN\u00c1 TENKOVRSTV\u00c1 OM\u00cdTKOVINA ZRNITOSTI 3 mm<\/strong><\/p>\n<h4>Podkladov\u00fd materi\u00e1l<\/h4>\n<ul>\n<li>om\u00edtky<\/li>\n<li>betonov\u00e9 panely<\/li>\n<li>v\u00e1penocementov\u00e9 om\u00edtky<\/li>\n<li>om\u00edtky zateplovac\u00edch syst\u00e9m\u016f<\/li>\n<\/ul>\n<h4>P\u0159ednosti:<\/h4>\n<ul>\n<li>sou\u010d\u00e1st syst\u00e9mov\u00e9 \u0159e\u0161en\u00ed technologie FN NANO\u00ae<\/li>\n<li>pro \u00fapravu povrch\u016f staveb<\/li>\n<li>ur\u010dena na zateplovac\u00ed syst\u00e9my a miner\u00e1ln\u00ed om\u00edtky<\/li>\n<li>odolnost proti\u00a0kysel\u00fdm de\u0161\u0165\u016fm a dal\u0161\u00edm pov\u011btrnostn\u00edm vliv\u016fm<\/li>\n<li>okam\u017eit\u00e1 aplikace<\/li>\n<li>omyvatelnost<\/li>\n<li>paropropustnost<\/li>\n<li>vyhovuje zkou\u0161k\u00e1m ETICS dle ETAG 004<\/li>\n<li>t\u00f3novatelnost na t\u00f3novac\u00edch stroj\u00edch<\/li>\n<\/ul>\n<h4>Odst\u00edn:<\/h4>\n<ul>\n<li>z\u00e1kladn\u00ed b\u00edl\u00fd nebo t\u00f3nov\u00e1n\u00ed\u00a0pomoc\u00ed t\u00f3novac\u00edch stroj\u016f\u00a0<a href=\"https:\/\/fn-nano.com\/wp-content\/uploads\/2021\/02\/NEW_VZORNIK_KOMPLET_BAREV_s_FN.pdf\" target=\"_blank\" rel=\"noopener\">dle slad\u011bn\u00fdch vzorn\u00edk\u016f<\/a><\/li>\n<\/ul>\n<h4>Spot\u0159eba:<\/h4>\n<ul>\n<li>4,2 \u2013 4,5 kg\/m<sup>2<\/sup>\u00a0podle kvality podkladu a zp\u016fsobu nan\u00e1\u0161en\u00ed<\/li>\n<\/ul>\n<h4>Pou\u017eit\u00ed:<\/h4>\n<ul>\n<li>pro \u00fapravu povrch\u016f staveb zejm\u00e9na kontaktn\u00edch zateplovac\u00edch syst\u00e9m\u016f a na miner\u00e1ln\u00ed om\u00edtky<\/li>\n<li>om\u00edtkovina je sou\u010d\u00e1st\u00ed certifikovan\u00fdch zateplovac\u00edch syst\u00e9m\u016f HET a slou\u017e\u00ed jako vhodn\u00fd podkladov\u00fd materi\u00e1l pro aplikaci nanotechnologie FN NANO\u00ae<\/li>\n<\/ul>\n<h4>Doba zasych\u00e1n\u00ed:<\/h4>\n<ul>\n<li>min. 48 h\u00a0 p\u0159i 20 \u00b0C a 60 % relativn\u00ed vlhkosti vzduchu<\/li>\n<\/ul>\n<h4>Skladov\u00e1n\u00ed:<\/h4>\n<ul>\n<li>\u00a036 m\u011bs\u00edc\u016f od data v\u00fdroby v p\u016fvodn\u00edm neotev\u0159en\u00e9m obalu<\/li>\n<li>p\u0159i teplot\u011b\u00a0 +5 a\u017e +30\u00b0C,\u00a0nesm\u00ed zmrznout, chr\u00e1nit p\u0159ed p\u0159\u00edm\u00fdm slune\u010dn\u00edm z\u00e1\u0159en\u00edm<\/li>\n<\/ul>\n<h4>Balen\u00ed:<\/h4>\n<ul>\n<li>25 kg<\/li>\n<\/ul>\n<p><b>Datum spot\u0159eby:<\/b>\u00a0v p\u016fvodn\u00edm neotev\u0159en\u00e9m balen\u00ed do data uveden\u00e9ho na obalu (EXP.)<\/p>\n","protected":false},"excerpt":{"rendered":"<p>AKRYL\u00c1TOV\u00c1 HLAZEN\u00c1 TENKOVRSTV\u00c1 OM\u00cdTKOVINA ZRNITOSTI 3 mm \u2013 doporu\u010dujeme pro fas\u00e1dy, zateplovac\u00ed syst\u00e9my s po\u017eadavkem hlazen\u00e9 struktury .<\/p>\n","protected":false},"featured_media":4186,"comment_status":"closed","ping_status":"closed","template":"","meta":{"_monsterinsights_skip_tracking":false,"_monsterinsights_sitenote_active":false,"_monsterinsights_sitenote_note":"","_monsterinsights_sitenote_category":0},"class_list":["post-4185","product","type-product","status-publish","has-post-thumbnail","hentry","product_cat-omitkoviny"],"aioseo_notices":[],"_links":{"self":[{"href":"https:\/\/www.nano4people.cz\/shop\/wp-json\/wp\/v2\/product\/4185","targetHints":{"allow":["GET"]}}],"collection":[{"href":"https:\/\/www.nano4people.cz\/shop\/wp-json\/wp\/v2\/product"}],"about":[{"href":"https:\/\/www.nano4people.cz\/shop\/wp-json\/wp\/v2\/types\/product"}],"replies":[{"embeddable":true,"href":"https:\/\/www.nano4people.cz\/shop\/wp-json\/wp\/v2\/comments?post=4185"}],"wp:featuredmedia":[{"embeddable":true,"href":"https:\/\/www.nano4people.cz\/shop\/wp-json\/wp\/v2\/media\/4186"}],"wp:attachment":[{"href":"https:\/\/www.nano4people.cz\/shop\/wp-json\/wp\/v2\/media?parent=4185"}],"curies":[{"name":"wp","href":"https:\/\/api.w.org\/{rel}","templated":true}]}}