{"id":3,"date":"2019-06-10T12:34:58","date_gmt":"2019-06-10T10:34:58","guid":{"rendered":"https:\/\/wd7.cz\/test-enfold.cz\/?page_id=3"},"modified":"2021-04-30T15:35:53","modified_gmt":"2021-04-30T13:35:53","slug":"ochrana-osobnich-udaju","status":"publish","type":"page","link":"https:\/\/www.nano4people.cz\/shop\/ochrana-osobnich-udaju\/","title":{"rendered":"Z\u00e1sady ochrany osobn\u00edch \u00fadaj\u016f"},"content":{"rendered":"<p>&nbsp;<\/p>\n<h1 style=\"text-align: center;\"><span style=\"color: #99cc00;\"><strong><u>Ochrana osobn\u00edch \u00fadaj\u016f <\/u><\/strong><strong><u>e -shopu\u00a0www.nano4people.cz<\/u><\/strong><\/span><\/h1>\n<p>&nbsp;<\/p>\n<ol>\n<li>Spole\u010dnost Nano4people s. r. o. ,se s\u00eddlem M\u00edsteck\u00e1 762, 739 21, Paskov, I\u010c 01574469, zapsan\u00e1 Krajsk\u00fdm soudem v Ostrav\u011b, C 56151, dne 3. kv\u011btna 2013 pro prodej zbo\u017e\u00ed prost\u0159ednictv\u00edm on-line obchodu um\u00edst\u011bn\u00e9ho na internetov\u00e9 adrese www.nano4people.cz, (d\u00e1le jen \u201e<strong>prod\u00e1vaj\u00edc\u00ed<\/strong>\u201c nebo \u201e<strong>spr\u00e1vce\u201c<\/strong>) zpracov\u00e1v\u00e1 ve smyslu na\u0159\u00edzen\u00ed Evropsk\u00e9ho parlamentu a Rady (EU) \u010d. 2016\/679 o ochran\u011b fyzick\u00fdch osob v souvislosti se zpracov\u00e1n\u00edm osobn\u00edch \u00fadaj\u016f a o voln\u00e9m pohybu t\u011bchto \u00fadaj\u016f a o zru\u0161en\u00ed sm\u011brnice 95\/46\/ES (obecn\u00e9 na\u0159\u00edzen\u00ed o ochran\u011b osobn\u00edch \u00fadaj\u016f) (d\u00e1le jen \u201eNa\u0159\u00edzen\u00ed\u201c), n\u00e1sleduj\u00edc\u00ed osobn\u00ed \u00fadaje:<\/li>\n<\/ol>\n<ul>\n<li>jm\u00e9no, p\u0159\u00edjmen\u00ed<\/li>\n<li>e &#8211; mailovou adresu<\/li>\n<li>telefonn\u00ed \u010d\u00edslo<\/li>\n<li>adresu\/s\u00eddlo<\/li>\n<li>I\u010c, DI\u010c<\/li>\n<\/ul>\n<ol start=\"2\">\n<li>V\u00fd\u0161e uveden\u00e9 osobn\u00ed \u00fadaje je nutn\u00e9 zpracovat pro odbaven\u00ed objedn\u00e1vek a dal\u0161\u00ed pln\u011bn\u00ed ze smlouvy, pokud mezi v\u00e1mi a prod\u00e1vaj\u00edc\u00edm dojde k uzav\u0159en\u00ed kupn\u00ed smlouvy. Takov\u00e9 zpracov\u00e1n\u00ed osobn\u00edch \u00fadaj\u016f umo\u017e\u0148uje \u010dl. 6 odst. 1 p\u00edsm. b) Na\u0159\u00edzen\u00ed \u2013 zpracov\u00e1n\u00ed je nezbytn\u00e9 pro spln\u011bn\u00ed smlouvy. Prod\u00e1vaj\u00edc\u00ed zpracov\u00e1v\u00e1 tyto \u00fadaje rovn\u011b\u017e za \u00fa\u010delem evidence smlouvy a p\u0159\u00edpadn\u00e9ho budouc\u00edho uplatn\u011bn\u00ed a obranu pr\u00e1v a povinnost\u00ed smluvn\u00edch stran.<br \/>\nUchov\u00e1n\u00ed a zpracov\u00e1n\u00ed osobn\u00edch \u00fadaj\u016f je za v\u00fd\u0161e uveden\u00fdm \u00fa\u010delem po dobu 10 let od realizace posledn\u00ed \u010d\u00e1sti pln\u011bn\u00ed dle smlouvy, nepo\u017eaduje-li jin\u00fd pr\u00e1vn\u00ed p\u0159edpis uchov\u00e1n\u00ed smluvn\u00ed dokumentace po dobu del\u0161\u00ed. Takov\u00e9 zpracov\u00e1n\u00ed je mo\u017en\u00e9 na z\u00e1klad\u011b \u010dl. 6 odst. 1 p\u00edsm. c) a f) Na\u0159\u00edzen\u00ed \u2013 zpracov\u00e1n\u00ed je nezbytn\u00e9 pro spln\u011bn\u00ed pr\u00e1vn\u00ed povinnosti a pro \u00fa\u010dely opr\u00e1vn\u011bn\u00fdch z\u00e1jm\u016f spr\u00e1vce.<\/li>\n<\/ol>\n<ol start=\"3\">\n<li>Na e &#8211; mailovou adresu, p\u0159\u00edpadn\u011b telefonn\u00ed \u010d\u00edslo mohou b\u00fdt kupuj\u00edc\u00edmu zas\u00edl\u00e1ny novinky a jin\u00e1 obchodn\u00ed sd\u011blen\u00ed, tento postup umo\u017e\u0148uje \u00a7 7 odst. 3 z\u00e1kona \u010d.480\/2004 Sb., o slu\u017eb\u00e1ch informa\u010dn\u00ed spole\u010dnosti, pokud jej kupuj\u00edc\u00ed neodm\u00edtne. Tato sd\u011blen\u00ed lze kdykoliv jak\u00fdmkoliv zp\u016fsobem \u2013 nap\u0159\u00edklad zasl\u00e1n\u00edm e-mailu \u2013 odhl\u00e1sit.<\/li>\n<\/ol>\n<ol start=\"4\">\n<li>Zpracov\u00e1n\u00ed osobn\u00edch \u00fadaj\u016f je prov\u00e1d\u011bno firmou Nano4people, s. r. o. tedy spr\u00e1vcem osobn\u00edch \u00fadaj\u016f. Osobn\u00ed \u00fadaje pro tohoto spr\u00e1vce zpracov\u00e1vaj\u00ed tak\u00e9 zpracovatel\u00e9:\n<ul>\n<li>Poskytovatelem Webdevel s.r.o. \u2013 Obr\u00e1nc\u016f m\u00edru 863\/7, 703 00 Ostrava \u2013 V\u00edtkovice, I\u010c: 285 97 192, DI\u010c: CZ28597192;<\/li>\n<li>P\u0159epravn\u00ed spole\u010dnost\u00ed GLS General Logistics Systems Czech Republic s.r.o., zapsan\u00e1 v Obchodn\u00edm rejst\u0159\u00edku u Krajsk\u00e9ho soudu v Brn\u011b, odd\u00edl C, vlo\u017eka 66184, Pr\u016fmyslov\u00e1 5619\/1, 586 01 Jihlava, \u010cesk\u00e1 republika;<\/li>\n<li>P\u0159epravn\u00ed spole\u010dnost\u00ed \u010cesk\u00e1 po\u0161ta, s.p. Politick\u00fdch v\u011bz\u0148\u016f 909\/4, 225 99 Praha 1<\/li>\n<\/ul>\n<\/li>\n<\/ol>\n<p><strong><u>Osobn\u00ed \u00fadaje nebudou p\u0159ed\u00e1ny do t\u0159et\u00edch zem\u00ed mimo EU.<\/u><\/strong><strong>\u00a0<\/strong><\/p>\n<ol start=\"5\">\n<li>Spr\u00e1vce nem\u00e1 osobu tzv. pov\u011b\u0159ence. Spr\u00e1vce lze kontaktovat na emailov\u00e9 adrese nano@nano4people.cz<\/li>\n<\/ol>\n<ol start=\"6\">\n<li>Spr\u00e1vce osobn\u00edch \u00fadaj\u016f, jako\u017eto provozovatel webov\u00e9 str\u00e1nky www.nano4people.cz, u\u017e\u00edv\u00e1 na t\u00e9to webov\u00e9 str\u00e1nce soubory cookies, kter\u00e9 jsou zde u\u017eity za \u00fa\u010delem:<\/li>\n<\/ol>\n<ul>\n<li>M\u011b\u0159en\u00ed n\u00e1v\u0161t\u011bvnosti webov\u00fdch str\u00e1nek a vytv\u00e1\u0159en\u00ed statistik t\u00fdkaj\u00edc\u00ed se n\u00e1v\u0161t\u011bvnosti a chov\u00e1n\u00ed n\u00e1v\u0161t\u011bvn\u00edk\u016f na webov\u00fdch str\u00e1nk\u00e1ch;<\/li>\n<li>Z\u00e1kladn\u00ed funk\u010dnosti webov\u00fdch str\u00e1nek.<\/li>\n<li>Sb\u011br cookies za \u00fa\u010delem uveden\u00fdm v\u00fd\u0161e m\u016f\u017ee b\u00fdt pova\u017eov\u00e1no za zpracov\u00e1n\u00ed osobn\u00edch \u00fadaj\u016f. Takov\u00e9 zpracov\u00e1n\u00ed je mo\u017en\u00e9 na z\u00e1klad\u011b z\u00e1konn\u00e9ho d\u016fvodu &#8211; opr\u00e1vn\u011bn\u00e9ho z\u00e1jmu spr\u00e1vce, a umo\u017e\u0148uje ho \u010dl. 6 odst. 1 p\u00edsm. f) Na\u0159\u00edzen\u00ed.<\/li>\n<li>Webov\u00e9 str\u00e1nky lze pou\u017e\u00edvat i v re\u017eimu, kter\u00fd neumo\u017e\u0148uje sb\u00edr\u00e1n\u00ed \u00fadaj\u016f o chov\u00e1n\u00ed n\u00e1v\u0161t\u011bvn\u00edk\u016f webu \u2013 tento re\u017eim je mo\u017en\u00fd bu\u010fto nastavit v r\u00e1mci nastaven\u00ed prohl\u00ed\u017ee\u010de, nebo je mo\u017en\u00e9 vzn\u00e9st proti takov\u00e9mu sb\u011bru na z\u00e1klad\u011b opr\u00e1vn\u011bn\u00e9ho z\u00e1jmu spr\u00e1vce n\u00e1mitku dle \u010dl.21 Na\u0159\u00edzen\u00ed, kter\u00e1 je dostupn\u00e1 v doln\u00ed \u010d\u00e1sti webov\u00fdch str\u00e1nek. Va\u0161e n\u00e1mitka bude vyhodnocena bezodkladn\u011b. Cookies nezbytn\u00e9 pro funk\u010dnost webu budou uchov\u00e1ny pouze po dobu nezbytn\u011b nutnou pro fungov\u00e1n\u00ed webu.<\/li>\n<\/ul>\n<ul>\n<li>Vznese-li n\u00e1v\u0161t\u011bvn\u00edk n\u00e1mitku proti zpracov\u00e1n\u00ed technick\u00fdch cookies nezbytn\u00fdch pro fungov\u00e1n\u00ed webov\u00fdch str\u00e1nek, nelze v takov\u00e9m p\u0159\u00edpad\u011b zaru\u010dit plnou funk\u010dnost a kompatibilitu webov\u00fdch str\u00e1nek.<\/li>\n<\/ul>\n<ul>\n<li>Cookies, kter\u00e9 jsou sb\u00edr\u00e1ny za \u00fa\u010delem m\u011b\u0159en\u00ed n\u00e1v\u0161t\u011bvnosti webu a vytv\u00e1\u0159en\u00ed statistik t\u00fdkaj\u00edc\u00ed se n\u00e1v\u0161t\u011bvnosti a chov\u00e1n\u00ed n\u00e1v\u0161t\u011bvn\u00edk\u016f na webu, jsou posuzov\u00e1ny v podob\u011b hromadn\u00e9ho celku a v anonymn\u00ed podob\u011b, kter\u00e1 neumo\u017e\u0148uje identifikaci jednotlivce.<\/li>\n<\/ul>\n<ul>\n<li>Shrom\u00e1\u017ed\u011bn\u00e9 cookies soubory jsou zpracov\u00e1ny dal\u0161\u00edmi zpracovateli:<\/li>\n<\/ul>\n<ul>\n<li>Poskytovatelem slu\u017eby Google Analytics, provozovan\u00e9 spole\u010dnost\u00ed Google Inc., s\u00eddlem 1600 Amphitheatre Parkway, Mountain View, CA 94043, USA;<\/li>\n<\/ul>\n<ul>\n<li>Vezm\u011bte, pros\u00edme, na v\u011bdom\u00ed, \u017ee podle Na\u0159\u00edzen\u00ed m\u00e1te pr\u00e1vo:\n<ul>\n<li>zru\u0161it kdykoliv zas\u00edl\u00e1n\u00ed obchodn\u00edch sd\u011blen\u00ed,<\/li>\n<li>vzn\u00e9st n\u00e1mitku proti zpracov\u00e1n\u00ed na z\u00e1klad\u011b opr\u00e1vn\u011bn\u00e9ho z\u00e1jmu spr\u00e1vce,<\/li>\n<li>po\u017eadovat po n\u00e1s informaci, jak\u00e9 va\u0161e osobn\u00ed \u00fadaje zpracov\u00e1v\u00e1me,<\/li>\n<li>vy\u017e\u00e1dat si u n\u00e1s p\u0159\u00edstup k t\u011bmto \u00fadaj\u016fm a tyto nechat aktualizovat nebo opravit, pop\u0159\u00edpad\u011b po\u017eadovat omezen\u00ed zpracov\u00e1n\u00ed,<\/li>\n<li>po\u017eadovat po n\u00e1s v\u00fdmaz t\u011bchto osobn\u00edch \u00fadaj\u016f, v\u00fdmaz provedeme, pokud to nebude v\u00a0rozporu s\u00a0platn\u00fdmi pr\u00e1vn\u00edmi p\u0159edpisy nebo opr\u00e1vn\u011bn\u00fdmi z\u00e1jmy spr\u00e1vce,<\/li>\n<li>na p\u0159enositelnost \u00fadaj\u016f, pokud se jedn\u00e1 o automatizovan\u00e9 zpracov\u00e1n\u00ed na z\u00e1klad\u011b souhlasu nebo z\u00a0d\u016fvodu pln\u011bn\u00ed smlouvy,<\/li>\n<li>po\u017eadovat kopii zpracov\u00e1van\u00fdch osobn\u00edch \u00fadaj\u016f,<\/li>\n<li>na \u00fa\u010dinnou soudn\u00ed ochranu, pokud m\u00e1te za to, \u017ee va\u0161e pr\u00e1va podle Na\u0159\u00edzen\u00ed byla poru\u0161ena v d\u016fsledku zpracov\u00e1n\u00ed va\u0161ich osobn\u00edch \u00fadaj\u016f v rozporu s t\u00edmto Na\u0159\u00edzen\u00edm,<\/li>\n<li>podat st\u00ed\u017enost u \u00da\u0159adu pro ochranu osobn\u00edch \u00fadaj\u016f.<\/li>\n<\/ul>\n<\/li>\n<\/ul>\n<p>&nbsp;<\/p>\n<p>&nbsp;<\/p>\n","protected":false},"excerpt":{"rendered":"<p>&nbsp; Ochrana osobn\u00edch \u00fadaj\u016f e -shopu\u00a0www.nano4people.cz &nbsp; Spole\u010dnost Nano4people s. r. o. ,se s\u00eddlem M\u00edsteck\u00e1 762, 739 21, Paskov, I\u010c 01574469, zapsan\u00e1 Krajsk\u00fdm soudem v Ostrav\u011b, C 56151, dne 3. kv\u011btna 2013 pro prodej zbo\u017e\u00ed prost\u0159ednictv\u00edm on-line obchodu um\u00edst\u011bn\u00e9ho na internetov\u00e9 adrese www.nano4people.cz, (d\u00e1le jen \u201eprod\u00e1vaj\u00edc\u00ed\u201c nebo \u201espr\u00e1vce\u201c) zpracov\u00e1v\u00e1 ve smyslu na\u0159\u00edzen\u00ed Evropsk\u00e9ho parlamentu a [&hellip;]<\/p>\n","protected":false},"author":1,"featured_media":0,"parent":0,"menu_order":0,"comment_status":"closed","ping_status":"closed","template":"","meta":{"_monsterinsights_skip_tracking":false,"_monsterinsights_sitenote_active":false,"_monsterinsights_sitenote_note":"","_monsterinsights_sitenote_category":0,"footnotes":""},"class_list":["post-3","page","type-page","status-publish","hentry"],"aioseo_notices":[],"_links":{"self":[{"href":"https:\/\/www.nano4people.cz\/shop\/wp-json\/wp\/v2\/pages\/3","targetHints":{"allow":["GET"]}}],"collection":[{"href":"https:\/\/www.nano4people.cz\/shop\/wp-json\/wp\/v2\/pages"}],"about":[{"href":"https:\/\/www.nano4people.cz\/shop\/wp-json\/wp\/v2\/types\/page"}],"author":[{"embeddable":true,"href":"https:\/\/www.nano4people.cz\/shop\/wp-json\/wp\/v2\/users\/1"}],"replies":[{"embeddable":true,"href":"https:\/\/www.nano4people.cz\/shop\/wp-json\/wp\/v2\/comments?post=3"}],"version-history":[{"count":6,"href":"https:\/\/www.nano4people.cz\/shop\/wp-json\/wp\/v2\/pages\/3\/revisions"}],"predecessor-version":[{"id":3934,"href":"https:\/\/www.nano4people.cz\/shop\/wp-json\/wp\/v2\/pages\/3\/revisions\/3934"}],"wp:attachment":[{"href":"https:\/\/www.nano4people.cz\/shop\/wp-json\/wp\/v2\/media?parent=3"}],"curies":[{"name":"wp","href":"https:\/\/api.w.org\/{rel}","templated":true}]}}